{"id":4034,"date":"2020-03-11T12:31:58","date_gmt":"2020-03-11T12:31:58","guid":{"rendered":"https:\/\/https:\/\/www.escritadigital.com\/clients\/"},"modified":"2021-11-11T12:11:35","modified_gmt":"2021-11-11T12:11:35","slug":"clients","status":"publish","type":"page","link":"https:\/\/www.escritadigital.com\/site\/en\/clients\/","title":{"rendered":"Clients"},"content":{"rendered":"\t\t<div data-elementor-type=\"wp-page\" data-elementor-id=\"4034\" class=\"elementor elementor-4034 elementor-1588\" data-elementor-settings=\"[]\">\n\t\t\t\t\t\t<div class=\"elementor-inner\">\n\t\t\t\t\t\t\t<div class=\"elementor-section-wrap\">\n\t\t\t\t\t\t\t<section class=\"elementor-section elementor-top-section elementor-element elementor-element-561dad5 elementor-section-stretched elementor-section-full_width elementor-section-height-min-height elementor-section-height-default elementor-section-items-middle\" data-id=\"561dad5\" data-element_type=\"section\" data-settings=\"{&quot;stretch_section&quot;:&quot;section-stretched&quot;,&quot;background_background&quot;:&quot;classic&quot;}\">\n\t\t\t\t\t\t\t<div class=\"elementor-background-overlay\"><\/div>\n\t\t\t\t\t\t\t<div class=\"elementor-container elementor-column-gap-default\">\n\t\t\t\t\t\t\t<div class=\"elementor-row\">\n\t\t\t\t\t<div class=\"elementor-column elementor-col-100 elementor-top-column elementor-element elementor-element-2bc983b\" data-id=\"2bc983b\" data-element_type=\"column\">\n\t\t\t<div class=\"elementor-column-wrap elementor-element-populated\">\n\t\t\t\t\t\t\t<div class=\"elementor-widget-wrap\">\n\t\t\t\t\t\t<div class=\"elementor-element elementor-element-f77a0c9 elementor-align-center elementor-widget elementor-widget-raven-heading\" data-id=\"f77a0c9\" data-element_type=\"widget\" data-widget_type=\"raven-heading.default\">\n\t\t\t\t<div class=\"elementor-widget-container\">\n\t\t\t\t\t<div class=\"raven-widget-wrapper\"><h2 class=\"raven-heading raven-heading-h2\"><span class=\"raven-heading-title\">Clients<\/span><\/h2><\/div>\n\t\t\t\t<\/div>\n\t\t\t\t<\/div>\n\t\t\t\t<div class=\"elementor-element elementor-element-04d3d46 elementor-align-center elementor-widget elementor-widget-raven-breadcrumbs\" data-id=\"04d3d46\" data-element_type=\"widget\" data-widget_type=\"raven-breadcrumbs.default\">\n\t\t\t\t<div class=\"elementor-widget-container\">\n\t\t\t<div class=\"raven-breadcrumbs raven-breadcrumbs-default\"><ol class=\"breadcrumb\">\t\t\t\t<li class=\"breadcrumb-item active\" aria-current=\"page\"><span>Home<\/span><\/li>\n\n\t\t\t\t<\/ol><\/div>\t\t<\/div>\n\t\t\t\t<\/div>\n\t\t\t\t\t\t<\/div>\n\t\t\t\t\t<\/div>\n\t\t<\/div>\n\t\t\t\t\t\t\t\t<\/div>\n\t\t\t\t\t<\/div>\n\t\t<\/section>\n\t\t\t\t<section class=\"elementor-section elementor-top-section elementor-element elementor-element-1edb1e2 elementor-section-content-middle elementor-section-boxed elementor-section-height-default elementor-section-height-default\" data-id=\"1edb1e2\" data-element_type=\"section\">\n\t\t\t\t\t\t<div class=\"elementor-container elementor-column-gap-default\">\n\t\t\t\t\t\t\t<div class=\"elementor-row\">\n\t\t\t\t\t<div class=\"elementor-column elementor-col-100 elementor-top-column elementor-element elementor-element-f4451f1\" data-id=\"f4451f1\" data-element_type=\"column\">\n\t\t\t<div class=\"elementor-column-wrap elementor-element-populated\">\n\t\t\t\t\t\t\t<div class=\"elementor-widget-wrap\">\n\t\t\t\t\t\t<div class=\"elementor-element elementor-element-2f59997d elementor-align-center elementor-widget elementor-widget-raven-heading\" data-id=\"2f59997d\" data-element_type=\"widget\" data-widget_type=\"raven-heading.default\">\n\t\t\t\t<div class=\"elementor-widget-container\">\n\t\t\t\t\t<div class=\"raven-widget-wrapper\"><h2 class=\"raven-heading raven-heading-h2\"><span class=\"raven-heading-title\">Active clients<\/span><\/h2><\/div>\n\t\t\t\t<\/div>\n\t\t\t\t<\/div>\n\t\t\t\t<div class=\"elementor-element elementor-element-3b3d74f elementor-widget elementor-widget-jet-brands\" data-id=\"3b3d74f\" data-element_type=\"widget\" data-widget_type=\"jet-brands.default\">\n\t\t\t\t<div class=\"elementor-widget-container\">\n\t\t\t<div class=\"elementor-jet-brands jet-elements\"><div class=\"brands-wrap\">\n\t<div class=\"brands-list col-row\"><div class=\"brands-list__item col-desk-6 col-tab-4\"><a class=\"brands-list__item-link\" href=\"http:\/\/www.amorimluxury.com\/\" target=\"_blank\"><div class=\"brands-list__item-img-wrap\"><img src=\"https:\/\/www.escritadigital.com\/Escrita\/wp-content\/uploads\/2020\/07\/Amorim2.png\" alt=\"\" class=\"brands-list__item-img\"><\/div><h5 class=\"brands-list__item-name\">Amorim Luxury<\/h5><\/a><\/div><div class=\"brands-list__item col-desk-6 col-tab-4\"><a class=\"brands-list__item-link\" href=\"http:\/\/www.telecom.pt\/\" target=\"_blank\"><div class=\"brands-list__item-img-wrap\"><img src=\"https:\/\/www.escritadigital.com\/Escrita\/wp-content\/uploads\/2020\/01\/altice.svg\" alt=\"altice\" class=\"brands-list__item-img\"><\/div><h5 class=\"brands-list__item-name\">Altice Portugal<\/h5><\/a><\/div><div class=\"brands-list__item col-desk-6 col-tab-4\"><a class=\"brands-list__item-link\" href=\"http:\/\/www.apemeta.pt\/apemeta\/home.aspx\" target=\"_blank\"><div class=\"brands-list__item-img-wrap\"><img src=\"https:\/\/www.escritadigital.com\/Escrita\/wp-content\/uploads\/2020\/03\/apemeta.svg\" alt=\"apemeta\" class=\"brands-list__item-img\"><\/div><h5 class=\"brands-list__item-name\">APEMETA<\/h5><\/a><\/div><div class=\"brands-list__item col-desk-6 col-tab-4\"><a class=\"brands-list__item-link\" href=\"https:\/\/www.ascendi.pt\/\" target=\"_blank\"><div class=\"brands-list__item-img-wrap\"><img src=\"https:\/\/www.escritadigital.com\/Escrita\/wp-content\/uploads\/2021\/09\/logo-1.png\" alt=\"logo (1)\" class=\"brands-list__item-img\"><\/div><h5 class=\"brands-list__item-name\">Ascendi<\/h5><\/a><\/div><div class=\"brands-list__item col-desk-6 col-tab-4\"><a class=\"brands-list__item-link\" href=\"http:\/\/www.atmtotal.com\/\" target=\"_blank\"><div class=\"brands-list__item-img-wrap\"><img src=\"https:\/\/www.escritadigital.com\/Escrita\/wp-content\/uploads\/2020\/03\/atm.svg\" alt=\"atm\" class=\"brands-list__item-img\"><\/div><h5 class=\"brands-list__item-name\">ATM<\/h5><\/a><\/div><div class=\"brands-list__item col-desk-6 col-tab-4\"><a class=\"brands-list__item-link\" href=\"http:\/\/www.concorrencia.pt\/\" target=\"_blank\"><div class=\"brands-list__item-img-wrap\"><img src=\"https:\/\/www.escritadigital.com\/Escrita\/wp-content\/uploads\/2021\/05\/logo-autoridade-concorrencia.gif\" alt=\"logo-autoridade-concorrencia\" class=\"brands-list__item-img\"><\/div><h5 class=\"brands-list__item-name\">Autoridade da Concorr\u00eancia<\/h5><\/a><\/div><div class=\"brands-list__item col-desk-6 col-tab-4\"><a class=\"brands-list__item-link\" href=\"http:\/\/www.bancoprimus.pt\/\" target=\"_blank\"><div class=\"brands-list__item-img-wrap\"><img src=\"https:\/\/www.escritadigital.com\/Escrita\/wp-content\/uploads\/2020\/03\/primus.svg\" alt=\"primus\" class=\"brands-list__item-img\"><\/div><h5 class=\"brands-list__item-name\">Banco Primus<\/h5><\/a><\/div><div class=\"brands-list__item col-desk-6 col-tab-4\"><a class=\"brands-list__item-link\" href=\"http:\/\/www.bdo.pt\/pt-pt\/home\" target=\"_blank\"><div class=\"brands-list__item-img-wrap\"><img src=\"https:\/\/www.escritadigital.com\/Escrita\/wp-content\/uploads\/2020\/10\/BDO-2-1.png\" alt=\"BDO 2\" class=\"brands-list__item-img\"><\/div><h5 class=\"brands-list__item-name\">BDO<\/h5><\/a><\/div><div class=\"brands-list__item col-desk-6 col-tab-4\"><a class=\"brands-list__item-link\" href=\"http:\/\/www.brisa.pt\/\" target=\"_blank\"><div class=\"brands-list__item-img-wrap\"><img src=\"https:\/\/www.escritadigital.com\/Escrita\/wp-content\/uploads\/2020\/01\/brisa.svg\" alt=\"brisa\" class=\"brands-list__item-img\"><\/div><h5 class=\"brands-list__item-name\">Brisa<\/h5><\/a><\/div><div class=\"brands-list__item col-desk-6 col-tab-4\"><a class=\"brands-list__item-link\" href=\"http:\/\/cermicv.com\/novo\/\" target=\"_blank\"><div class=\"brands-list__item-img-wrap\"><img src=\"https:\/\/www.escritadigital.com\/Escrita\/wp-content\/uploads\/2020\/03\/cermi.jpg\" alt=\"Print\" class=\"brands-list__item-img\"><\/div><h5 class=\"brands-list__item-name\">CERMI<\/h5><\/a><\/div><div class=\"brands-list__item col-desk-6 col-tab-4\"><a class=\"brands-list__item-link\" href=\"http:\/\/www.cm-amarante.pt\/\" target=\"_blank\"><div class=\"brands-list__item-img-wrap\"><img src=\"https:\/\/www.escritadigital.com\/Escrita\/wp-content\/uploads\/2020\/03\/amarante.svg\" alt=\"amarante\" class=\"brands-list__item-img\"><\/div><h5 class=\"brands-list__item-name\">C\u00e2mara Municipal Amarante<\/h5><\/a><\/div><div class=\"brands-list__item col-desk-6 col-tab-4\"><a class=\"brands-list__item-link\" href=\"http:\/\/www.cm-loures.pt\/\" target=\"_blank\"><div class=\"brands-list__item-img-wrap\"><img src=\"https:\/\/www.escritadigital.com\/Escrita\/wp-content\/uploads\/2020\/03\/loures.svg\" alt=\"loures\" class=\"brands-list__item-img\"><\/div><h5 class=\"brands-list__item-name\">C\u00e2mara Municipal Loures<\/h5><\/a><\/div><div class=\"brands-list__item col-desk-6 col-tab-4\"><a class=\"brands-list__item-link\" href=\"http:\/\/www.cm-oeiras.pt\/\" target=\"_blank\"><div class=\"brands-list__item-img-wrap\"><img src=\"https:\/\/www.escritadigital.com\/Escrita\/wp-content\/uploads\/2020\/03\/oeiras.svg\" alt=\"oeiras\" class=\"brands-list__item-img\"><\/div><h5 class=\"brands-list__item-name\">C\u00e2mara Municipal Oeiras<\/h5><\/a><\/div><div class=\"brands-list__item col-desk-6 col-tab-4\"><a class=\"brands-list__item-link\" href=\"http:\/\/www.creditoagricola.pt\/institucional\/o-grupo-ca\/estrutura-do-grupo\/empresas-participadas\/ca-seguros\" target=\"_blank\"><div class=\"brands-list__item-img-wrap\"><img src=\"https:\/\/www.escritadigital.com\/Escrita\/wp-content\/uploads\/2020\/03\/ca_seguros.svg\" alt=\"ca_seguros\" class=\"brands-list__item-img\"><\/div><h5 class=\"brands-list__item-name\">CA Seguros<\/h5><\/a><\/div><div class=\"brands-list__item col-desk-6 col-tab-4\"><a class=\"brands-list__item-link\" href=\"http:\/\/www.ccep.com\/\" target=\"_blank\"><div class=\"brands-list__item-img-wrap\"><img src=\"https:\/\/www.escritadigital.com\/Escrita\/wp-content\/uploads\/2020\/03\/cocacola.svg\" alt=\"cocacola\" class=\"brands-list__item-img\"><\/div><h5 class=\"brands-list__item-name\">Coca-Cola European Partners<\/h5><\/a><\/div><div class=\"brands-list__item col-desk-6 col-tab-4\"><a class=\"brands-list__item-link\" href=\"https:\/\/www.cofidis.pt\/cofidis\/\" target=\"_blank\"><div class=\"brands-list__item-img-wrap\"><img src=\"https:\/\/www.escritadigital.com\/Escrita\/wp-content\/uploads\/2020\/01\/cofidis.svg\" alt=\"cofidis\" class=\"brands-list__item-img\"><\/div><h5 class=\"brands-list__item-name\">Cofidis<\/h5><\/a><\/div><div class=\"brands-list__item col-desk-6 col-tab-4\"><a class=\"brands-list__item-link\" href=\"http:\/\/www.cosec.pt\/\" target=\"_blank\"><div class=\"brands-list__item-img-wrap\"><img src=\"https:\/\/www.escritadigital.com\/Escrita\/wp-content\/uploads\/2020\/10\/COSEC.png\" alt=\"COSEC\" class=\"brands-list__item-img\"><\/div><h5 class=\"brands-list__item-name\">Cosec<\/h5><\/a><\/div><div class=\"brands-list__item col-desk-6 col-tab-4\"><a class=\"brands-list__item-link\" href=\"http:\/\/www.josedemellosaude.pt\/\" target=\"_blank\"><div class=\"brands-list__item-img-wrap\"><img src=\"https:\/\/www.escritadigital.com\/Escrita\/wp-content\/uploads\/2020\/10\/CUF.png\" alt=\"CUF\" class=\"brands-list__item-img\"><\/div><h5 class=\"brands-list__item-name\">CUF<\/h5><\/a><\/div><div class=\"brands-list__item col-desk-6 col-tab-4\"><a class=\"brands-list__item-link\" href=\"http:\/\/www.minipreco.pt\/\" target=\"_blank\"><div class=\"brands-list__item-img-wrap\"><img src=\"https:\/\/www.escritadigital.com\/Escrita\/wp-content\/uploads\/2020\/10\/Dia0.png\" alt=\"Dia0\" class=\"brands-list__item-img\"><\/div><h5 class=\"brands-list__item-name\">Dia<\/h5><\/a><\/div><div class=\"brands-list__item col-desk-6 col-tab-4\"><a class=\"brands-list__item-link\" href=\"http:\/\/www.ericsson.com\/pt\" target=\"_blank\"><div class=\"brands-list__item-img-wrap\"><img src=\"https:\/\/www.escritadigital.com\/Escrita\/wp-content\/uploads\/2020\/03\/ericsson.svg\" alt=\"ericsson\" class=\"brands-list__item-img\"><\/div><h5 class=\"brands-list__item-name\">Ericsson<\/h5><\/a><\/div><div class=\"brands-list__item col-desk-6 col-tab-4\"><a class=\"brands-list__item-link\" href=\"http:\/\/www.fvp.pt\/\" target=\"_blank\"><div class=\"brands-list__item-img-wrap\"><img src=\"https:\/\/www.escritadigital.com\/Escrita\/wp-content\/uploads\/2020\/03\/fvp.svg\" alt=\"fvp\" class=\"brands-list__item-img\"><\/div><h5 class=\"brands-list__item-name\">Vox Populi<\/h5><\/a><\/div><div class=\"brands-list__item col-desk-6 col-tab-4\"><a class=\"brands-list__item-link\" href=\"http:\/\/www.gascan.pt\/\" target=\"_blank\"><div class=\"brands-list__item-img-wrap\"><img src=\"https:\/\/www.escritadigital.com\/Escrita\/wp-content\/uploads\/2020\/03\/gascan.svg\" alt=\"gascan\" class=\"brands-list__item-img\"><\/div><h5 class=\"brands-list__item-name\">Gascan<\/h5><\/a><\/div><div class=\"brands-list__item col-desk-6 col-tab-4\"><a class=\"brands-list__item-link\" href=\"http:\/\/www.inframoura.pt\/\" target=\"_blank\"><div class=\"brands-list__item-img-wrap\"><img src=\"https:\/\/www.escritadigital.com\/Escrita\/wp-content\/uploads\/2020\/03\/inframoura.svg\" alt=\"inframoura\" class=\"brands-list__item-img\"><\/div><h5 class=\"brands-list__item-name\">Inframoura<\/h5><\/a><\/div><div class=\"brands-list__item col-desk-6 col-tab-4\"><a class=\"brands-list__item-link\" href=\"https:\/\/www.josedemello.pt\/\" target=\"_blank\"><div class=\"brands-list__item-img-wrap\"><img src=\"https:\/\/www.escritadigital.com\/Escrita\/wp-content\/uploads\/2021\/05\/Jmello2.svg\" alt=\"Jmello2\" class=\"brands-list__item-img\"><\/div><h5 class=\"brands-list__item-name\">Jos\u00e9 de Mello<\/h5><\/a><\/div><div class=\"brands-list__item col-desk-6 col-tab-4\"><a class=\"brands-list__item-link\" href=\"https:\/\/www.mca-group.com\/\" target=\"_blank\"><div class=\"brands-list__item-img-wrap\"><img src=\"https:\/\/www.escritadigital.com\/Escrita\/wp-content\/uploads\/2021\/05\/mca-1.svg\" alt=\"mca\" class=\"brands-list__item-img\"><\/div><h5 class=\"brands-list__item-name\">MCA<\/h5><\/a><\/div><div class=\"brands-list__item col-desk-6 col-tab-4\"><a class=\"brands-list__item-link\" href=\"http:\/\/www.menarini.com\/\" target=\"_blank\"><div class=\"brands-list__item-img-wrap\"><img src=\"https:\/\/www.escritadigital.com\/Escrita\/wp-content\/uploads\/2020\/10\/Menarini-2-3.png\" alt=\"Menarini 2\" class=\"brands-list__item-img\"><\/div><h5 class=\"brands-list__item-name\">Menarini<\/h5><\/a><\/div><div class=\"brands-list__item col-desk-6 col-tab-4\"><a class=\"brands-list__item-link\" href=\"http:\/\/www.thenavigatorcompany.com\/\" target=\"_blank\"><div class=\"brands-list__item-img-wrap\"><img src=\"https:\/\/www.escritadigital.com\/Escrita\/wp-content\/uploads\/2020\/03\/navigator.svg\" alt=\"navigator\" class=\"brands-list__item-img\"><\/div><h5 class=\"brands-list__item-name\">The Navigator Company<\/h5><\/a><\/div><div class=\"brands-list__item col-desk-6 col-tab-4\"><a class=\"brands-list__item-link\" href=\"http:\/\/www.nos.pt\/\" target=\"_blank\"><div class=\"brands-list__item-img-wrap\"><img src=\"https:\/\/www.escritadigital.com\/Escrita\/wp-content\/uploads\/2020\/03\/nos.svg\" alt=\"nos\" class=\"brands-list__item-img\"><\/div><h5 class=\"brands-list__item-name\">NOS<\/h5><\/a><\/div><div class=\"brands-list__item col-desk-6 col-tab-4\"><a class=\"brands-list__item-link\" href=\"http:\/\/www.novaresteam.com\/\" target=\"_blank\"><div class=\"brands-list__item-img-wrap\"><img src=\"https:\/\/www.escritadigital.com\/Escrita\/wp-content\/uploads\/2020\/03\/novares.svg\" alt=\"novares\" class=\"brands-list__item-img\"><\/div><h5 class=\"brands-list__item-name\">Novares<\/h5><\/a><\/div><div class=\"brands-list__item col-desk-6 col-tab-4\"><a class=\"brands-list__item-link\" href=\"https:\/\/www.papiro.pt\/\" target=\"_blank\"><div class=\"brands-list__item-img-wrap\"><img src=\"https:\/\/www.escritadigital.com\/Escrita\/wp-content\/uploads\/2021\/05\/logo-papiro.png\" alt=\"logo-papiro\" class=\"brands-list__item-img\"><\/div><h5 class=\"brands-list__item-name\">Papiro<\/h5><\/a><\/div><div class=\"brands-list__item col-desk-6 col-tab-4\"><a class=\"brands-list__item-link\" href=\"http:\/\/www.randstad.pt\/\" target=\"_blank\"><div class=\"brands-list__item-img-wrap\"><img src=\"https:\/\/www.escritadigital.com\/Escrita\/wp-content\/uploads\/2020\/03\/randstad.svg\" alt=\"randstad\" class=\"brands-list__item-img\"><\/div><h5 class=\"brands-list__item-name\">Randstad<\/h5><\/a><\/div><div class=\"brands-list__item col-desk-6 col-tab-4\"><a class=\"brands-list__item-link\" href=\"http:\/\/www.ren.pt\/\" target=\"_blank\"><div class=\"brands-list__item-img-wrap\"><img src=\"https:\/\/www.escritadigital.com\/Escrita\/wp-content\/uploads\/2020\/03\/ren.svg\" alt=\"ren\" class=\"brands-list__item-img\"><\/div><h5 class=\"brands-list__item-name\">REN<\/h5><\/a><\/div><div class=\"brands-list__item col-desk-6 col-tab-4\"><a class=\"brands-list__item-link\" href=\"http:\/\/www.renault.pt\/\" target=\"_blank\"><div class=\"brands-list__item-img-wrap\"><img src=\"https:\/\/www.escritadigital.com\/Escrita\/wp-content\/uploads\/2020\/10\/Renault2-1.png\" alt=\"Renault2\" class=\"brands-list__item-img\"><\/div><h5 class=\"brands-list__item-name\">Renault<\/h5><\/a><\/div><div class=\"brands-list__item col-desk-6 col-tab-4\"><a class=\"brands-list__item-link\" href=\"http:\/\/www.rovensa.com\/\" target=\"_blank\"><div class=\"brands-list__item-img-wrap\"><img src=\"https:\/\/www.escritadigital.com\/Escrita\/wp-content\/uploads\/2020\/10\/Rovensa-1.png\" alt=\"Rovensa\" class=\"brands-list__item-img\"><\/div><h5 class=\"brands-list__item-name\">Rovensa<\/h5><\/a><\/div><div class=\"brands-list__item col-desk-6 col-tab-4\"><a class=\"brands-list__item-link\" href=\"http:\/\/www.santander.pt\/\" target=\"_blank\"><div class=\"brands-list__item-img-wrap\"><img src=\"https:\/\/www.escritadigital.com\/Escrita\/wp-content\/uploads\/2020\/07\/santander-logo-8.png\" alt=\"santander-logo-8\" class=\"brands-list__item-img\"><\/div><h5 class=\"brands-list__item-name\">Santander<\/h5><\/a><\/div><div class=\"brands-list__item col-desk-6 col-tab-4\"><a class=\"brands-list__item-link\" href=\"http:\/\/www.secil.pt\/\" target=\"_blank\"><div class=\"brands-list__item-img-wrap\"><img src=\"https:\/\/www.escritadigital.com\/Escrita\/wp-content\/uploads\/2020\/01\/secil.svg\" alt=\"secil\" class=\"brands-list__item-img\"><\/div><h5 class=\"brands-list__item-name\">Secil<\/h5><\/a><\/div><div class=\"brands-list__item col-desk-6 col-tab-4\"><a class=\"brands-list__item-link\" href=\"http:\/\/www.smas-oeiras-amadora.pt\/\" target=\"_blank\"><div class=\"brands-list__item-img-wrap\"><img src=\"https:\/\/www.escritadigital.com\/Escrita\/wp-content\/uploads\/2020\/03\/simas.svg\" alt=\"simas\" class=\"brands-list__item-img\"><\/div><h5 class=\"brands-list__item-name\">SIMAS Oeiras e Amadora<\/h5><\/a><\/div><div class=\"brands-list__item col-desk-6 col-tab-4\"><a class=\"brands-list__item-link\" href=\"http:\/\/www.somincor.com.pt\/\" target=\"_blank\"><div class=\"brands-list__item-img-wrap\"><img src=\"https:\/\/www.escritadigital.com\/Escrita\/wp-content\/uploads\/2020\/07\/somincor.png\" alt=\"somincor\" class=\"brands-list__item-img\"><\/div><h5 class=\"brands-list__item-name\">Somincor<\/h5><\/a><\/div><div class=\"brands-list__item col-desk-6 col-tab-4\"><a class=\"brands-list__item-link\" href=\"http:\/\/spms.min-saude.pt\/\" target=\"_blank\"><div class=\"brands-list__item-img-wrap\"><img src=\"https:\/\/www.escritadigital.com\/Escrita\/wp-content\/uploads\/2020\/03\/spms.svg\" alt=\"spms\" class=\"brands-list__item-img\"><\/div><h5 class=\"brands-list__item-name\">SPMS<\/h5><\/a><\/div><div class=\"brands-list__item col-desk-6 col-tab-4\"><a class=\"brands-list__item-link\" href=\"https:\/\/www.abreu.pt\/\" target=\"_blank\"><div class=\"brands-list__item-img-wrap\"><img src=\"https:\/\/www.escritadigital.com\/Escrita\/wp-content\/uploads\/2020\/01\/abreu.svg\" alt=\"abreu\" class=\"brands-list__item-img\"><\/div><h5 class=\"brands-list__item-name\">Viagens Abreu<\/h5><\/a><\/div><div class=\"brands-list__item col-desk-6 col-tab-4\"><a class=\"brands-list__item-link\" href=\"http:\/\/www.grupowamos.com\/nuestra-actividad\/wamos-portugal\/\" target=\"_blank\"><div class=\"brands-list__item-img-wrap\"><img src=\"https:\/\/www.escritadigital.com\/Escrita\/wp-content\/uploads\/2020\/03\/wamos.svg\" alt=\"wamos\" class=\"brands-list__item-img\"><\/div><h5 class=\"brands-list__item-name\">Wamos<\/h5><\/a><\/div><\/div><\/div><\/div>\t\t<\/div>\n\t\t\t\t<\/div>\n\t\t\t\t\t\t<\/div>\n\t\t\t\t\t<\/div>\n\t\t<\/div>\n\t\t\t\t\t\t\t\t<\/div>\n\t\t\t\t\t<\/div>\n\t\t<\/section>\n\t\t\t\t\t\t<\/div>\n\t\t\t\t\t\t<\/div>\n\t\t\t\t\t<\/div>\n\t\t","protected":false},"excerpt":{"rendered":"<p>Clients Home Active clients Amorim Luxury Altice Portugal APEMETA Ascendi ATM Autoridade da Concorr\u00eancia Banco Primus BDO Brisa CERMI C\u00e2mara Municipal Amarante C\u00e2mara Municipal Loures C\u00e2mara Municipal Oeiras CA Seguros Coca-Cola European Partners Cofidis Cosec CUF Dia Ericsson Vox Populi Gascan Inframoura Jos\u00e9 de Mello MCA Menarini The Navigator Company NOS Novares Papiro Randstad REN [&hellip;]<\/p>\n","protected":false},"author":1,"featured_media":2856,"parent":0,"menu_order":6,"comment_status":"closed","ping_status":"closed","template":"","meta":[],"yoast_head":"<!-- This site is optimized with the Yoast SEO plugin v15.1.1 - https:\/\/yoast.com\/wordpress\/plugins\/seo\/ -->\n<title>Clients | Escrita Digital<\/title>\n<meta name=\"robots\" content=\"index, follow, max-snippet:-1, max-image-preview:large, max-video-preview:-1\" \/>\n<link rel=\"canonical\" href=\"https:\/\/www.escritadigital.com\/site\/clients\/\" \/>\n<meta property=\"og:locale\" content=\"pt_PT\" \/>\n<meta property=\"og:type\" content=\"article\" \/>\n<meta property=\"og:title\" content=\"Clients | Escrita Digital\" \/>\n<meta property=\"og:description\" content=\"Clients Home Active clients Amorim Luxury Altice Portugal APEMETA Ascendi ATM Autoridade da Concorr\u00eancia Banco Primus BDO Brisa CERMI C\u00e2mara Municipal Amarante C\u00e2mara Municipal Loures C\u00e2mara Municipal Oeiras CA Seguros Coca-Cola European Partners Cofidis Cosec CUF Dia Ericsson Vox Populi Gascan Inframoura Jos\u00e9 de Mello MCA Menarini The Navigator Company NOS Novares Papiro Randstad REN [&hellip;]\" \/>\n<meta property=\"og:url\" content=\"https:\/\/www.escritadigital.com\/site\/en\/clients\/\" \/>\n<meta property=\"og:site_name\" content=\"Escrita Digital\" \/>\n<meta property=\"article:modified_time\" content=\"2021-11-11T12:11:35+00:00\" \/>\n<meta property=\"og:image\" content=\"https:\/\/www.escritadigital.com\/Escrita\/wp-content\/uploads\/2020\/03\/escrita_digital_clientes.jpg\" \/>\n\t<meta property=\"og:image:width\" content=\"1920\" \/>\n\t<meta property=\"og:image:height\" content=\"1280\" \/>\n<meta name=\"twitter:card\" content=\"summary_large_image\" \/>\n<script type=\"application\/ld+json\" class=\"yoast-schema-graph\">{\"@context\":\"https:\/\/schema.org\",\"@graph\":[{\"@type\":\"Organization\",\"@id\":\"https:\/\/www.escritadigital.com\/site\/#organization\",\"name\":\"Escrita Digital\",\"url\":\"https:\/\/www.escritadigital.com\/site\/\",\"sameAs\":[],\"logo\":{\"@type\":\"ImageObject\",\"@id\":\"https:\/\/www.escritadigital.com\/site\/#logo\",\"inLanguage\":\"pt-PT\",\"url\":\"https:\/\/www.escritadigital.com\/Escrita\/wp-content\/uploads\/2020\/01\/escrita_digital_logo.svg\",\"width\":200,\"height\":55,\"caption\":\"Escrita Digital\"},\"image\":{\"@id\":\"https:\/\/www.escritadigital.com\/site\/#logo\"}},{\"@type\":\"WebSite\",\"@id\":\"https:\/\/www.escritadigital.com\/site\/#website\",\"url\":\"https:\/\/www.escritadigital.com\/site\/\",\"name\":\"Escrita Digital\",\"description\":\"Aplica\\u00e7\\u00f5es de Gest\\u00e3o\",\"publisher\":{\"@id\":\"https:\/\/www.escritadigital.com\/site\/#organization\"},\"potentialAction\":[{\"@type\":\"SearchAction\",\"target\":\"https:\/\/www.escritadigital.com\/site\/?s={search_term_string}\",\"query-input\":\"required name=search_term_string\"}],\"inLanguage\":\"pt-PT\"},{\"@type\":\"ImageObject\",\"@id\":\"https:\/\/www.escritadigital.com\/site\/en\/clients\/#primaryimage\",\"inLanguage\":\"pt-PT\",\"url\":\"https:\/\/www.escritadigital.com\/Escrita\/wp-content\/uploads\/2020\/03\/escrita_digital_clientes.jpg\",\"width\":1920,\"height\":1280},{\"@type\":\"WebPage\",\"@id\":\"https:\/\/www.escritadigital.com\/site\/en\/clients\/#webpage\",\"url\":\"https:\/\/www.escritadigital.com\/site\/en\/clients\/\",\"name\":\"Clients | Escrita Digital\",\"isPartOf\":{\"@id\":\"https:\/\/www.escritadigital.com\/site\/#website\"},\"primaryImageOfPage\":{\"@id\":\"https:\/\/www.escritadigital.com\/site\/en\/clients\/#primaryimage\"},\"datePublished\":\"2020-03-11T12:31:58+00:00\",\"dateModified\":\"2021-11-11T12:11:35+00:00\",\"breadcrumb\":{\"@id\":\"https:\/\/www.escritadigital.com\/site\/en\/clients\/#breadcrumb\"},\"inLanguage\":\"pt-PT\",\"potentialAction\":[{\"@type\":\"ReadAction\",\"target\":[\"https:\/\/www.escritadigital.com\/site\/en\/clients\/\"]}]},{\"@type\":\"BreadcrumbList\",\"@id\":\"https:\/\/www.escritadigital.com\/site\/en\/clients\/#breadcrumb\",\"itemListElement\":[{\"@type\":\"ListItem\",\"position\":1,\"item\":{\"@type\":\"WebPage\",\"@id\":\"https:\/\/www.escritadigital.com\/site\/\",\"url\":\"https:\/\/www.escritadigital.com\/site\/\",\"name\":\"In\\u00edcio\"}},{\"@type\":\"ListItem\",\"position\":2,\"item\":{\"@type\":\"WebPage\",\"@id\":\"https:\/\/www.escritadigital.com\/site\/clients\/\",\"url\":\"https:\/\/www.escritadigital.com\/site\/clients\/\",\"name\":\"Clients\"}}]}]}<\/script>\n<!-- \/ Yoast SEO plugin. -->","_links":{"self":[{"href":"https:\/\/www.escritadigital.com\/site\/wp-json\/wp\/v2\/pages\/4034"}],"collection":[{"href":"https:\/\/www.escritadigital.com\/site\/wp-json\/wp\/v2\/pages"}],"about":[{"href":"https:\/\/www.escritadigital.com\/site\/wp-json\/wp\/v2\/types\/page"}],"author":[{"embeddable":true,"href":"https:\/\/www.escritadigital.com\/site\/wp-json\/wp\/v2\/users\/1"}],"replies":[{"embeddable":true,"href":"https:\/\/www.escritadigital.com\/site\/wp-json\/wp\/v2\/comments?post=4034"}],"version-history":[{"count":8,"href":"https:\/\/www.escritadigital.com\/site\/wp-json\/wp\/v2\/pages\/4034\/revisions"}],"predecessor-version":[{"id":7026,"href":"https:\/\/www.escritadigital.com\/site\/wp-json\/wp\/v2\/pages\/4034\/revisions\/7026"}],"wp:featuredmedia":[{"embeddable":true,"href":"https:\/\/www.escritadigital.com\/site\/wp-json\/wp\/v2\/media\/2856"}],"wp:attachment":[{"href":"https:\/\/www.escritadigital.com\/site\/wp-json\/wp\/v2\/media?parent=4034"}],"curies":[{"name":"wp","href":"https:\/\/api.w.org\/{rel}","templated":true}]}}