{"id":2085,"date":"2020-06-30T13:39:13","date_gmt":"2020-06-30T13:39:13","guid":{"rendered":"https:\/\/www.escritadigital.com\/Escrita\/?page_id=2085"},"modified":"2024-01-23T11:57:23","modified_gmt":"2024-01-23T11:57:23","slug":"politica-de-privacidade","status":"publish","type":"page","link":"https:\/\/www.escritadigital.com\/site\/politica-de-privacidade\/","title":{"rendered":"Pol\u00edtica de privacidade"},"content":{"rendered":"\t\t<div data-elementor-type=\"wp-page\" data-elementor-id=\"2085\" class=\"elementor elementor-2085\" data-elementor-settings=\"[]\">\n\t\t\t\t\t\t<div class=\"elementor-inner\">\n\t\t\t\t\t\t\t<div class=\"elementor-section-wrap\">\n\t\t\t\t\t\t\t<section class=\"elementor-section elementor-top-section elementor-element elementor-element-282249bc elementor-section-stretched elementor-section-full_width elementor-section-height-min-height elementor-section-height-default elementor-section-items-middle\" data-id=\"282249bc\" data-element_type=\"section\" data-settings=\"{&quot;stretch_section&quot;:&quot;section-stretched&quot;,&quot;background_background&quot;:&quot;classic&quot;}\">\n\t\t\t\t\t\t\t<div class=\"elementor-background-overlay\"><\/div>\n\t\t\t\t\t\t\t<div class=\"elementor-container elementor-column-gap-default\">\n\t\t\t\t\t\t\t<div class=\"elementor-row\">\n\t\t\t\t\t<div class=\"elementor-column elementor-col-100 elementor-top-column elementor-element elementor-element-4181162\" data-id=\"4181162\" data-element_type=\"column\">\n\t\t\t<div class=\"elementor-column-wrap elementor-element-populated\">\n\t\t\t\t\t\t\t<div class=\"elementor-widget-wrap\">\n\t\t\t\t\t\t<div class=\"elementor-element elementor-element-35d74519 elementor-align-center elementor-widget elementor-widget-raven-heading\" data-id=\"35d74519\" data-element_type=\"widget\" data-widget_type=\"raven-heading.default\">\n\t\t\t\t<div class=\"elementor-widget-container\">\n\t\t\t\t\t<div class=\"raven-widget-wrapper\"><h1 class=\"raven-heading raven-heading-h1\"><span class=\"raven-heading-title\">Pol\u00edtica de privacidade<\/span><\/h1><\/div>\n\t\t\t\t<\/div>\n\t\t\t\t<\/div>\n\t\t\t\t<div class=\"elementor-element elementor-element-7356523b elementor-align-center elementor-widget elementor-widget-raven-breadcrumbs\" data-id=\"7356523b\" data-element_type=\"widget\" data-widget_type=\"raven-breadcrumbs.default\">\n\t\t\t\t<div class=\"elementor-widget-container\">\n\t\t\t<div class=\"raven-breadcrumbs raven-breadcrumbs-default\"><ol class=\"breadcrumb\">\t\t\t\t<li class=\"breadcrumb-item active\" aria-current=\"page\"><span>Home<\/span><\/li>\n\n\t\t\t\t<\/ol><\/div>\t\t<\/div>\n\t\t\t\t<\/div>\n\t\t\t\t\t\t<\/div>\n\t\t\t\t\t<\/div>\n\t\t<\/div>\n\t\t\t\t\t\t\t\t<\/div>\n\t\t\t\t\t<\/div>\n\t\t<\/section>\n\t\t\t\t<section class=\"elementor-section elementor-top-section elementor-element elementor-element-b838b32 elementor-section-boxed elementor-section-height-default elementor-section-height-default\" data-id=\"b838b32\" data-element_type=\"section\">\n\t\t\t\t\t\t<div class=\"elementor-container elementor-column-gap-default\">\n\t\t\t\t\t\t\t<div class=\"elementor-row\">\n\t\t\t\t\t<div class=\"elementor-column elementor-col-100 elementor-top-column elementor-element elementor-element-1b79b850\" data-id=\"1b79b850\" data-element_type=\"column\">\n\t\t\t<div class=\"elementor-column-wrap elementor-element-populated\">\n\t\t\t\t\t\t\t<div class=\"elementor-widget-wrap\">\n\t\t\t\t\t\t<div class=\"elementor-element elementor-element-50540cf8 elementor-widget elementor-widget-text-editor\" data-id=\"50540cf8\" data-element_type=\"widget\" data-widget_type=\"text-editor.default\">\n\t\t\t\t<div class=\"elementor-widget-container\">\n\t\t\t\t\t<div class=\"elementor-text-editor elementor-clearfix\">\n<p>A Escrita Digital reconhece a import\u00e2ncia de proteger os dados pessoais dos seus clientes. Como tal, adota todas as medidas, t\u00e9cnicas e organizacionais, para garantir a privacidade das informa\u00e7\u00f5es pessoais que lhe s\u00e3o confiadas em conformidade com a lei e os regulamentos em vigor, e as orienta\u00e7\u00f5es da Comiss\u00e3o Nacional de Prote\u00e7\u00e3o de Dados (CNPD).<\/p>\n\n<p>A presente pol\u00edtica de privacidade e a de cookies estabelecem os termos e as condi\u00e7\u00f5es do tratamento dos dados pessoais que s\u00e3o disponibilizados pelos utilizadores.<\/p>\n\n<h5>Os seus dados<\/h5>\n\n<p>O utilizador tem o direito \u00e0 prote\u00e7\u00e3o dos seus dados pessoais. Em qualquer momento, o utilizador pode obter da Escrita Digital informa\u00e7\u00e3o sobre os seus dados, assim como solicitar a elimina\u00e7\u00e3o ou a altera\u00e7\u00e3o da sua informa\u00e7\u00e3o pessoal. Se for um cliente registado na extranet da Escrita Digital, poder\u00e1 modificar a sua informa\u00e7\u00e3o pessoal atrav\u00e9s da sua \u00e1rea reservada sempre que o desejar.<\/p>\n\n<p>A Escrita Digital \u00e9 a \u00fanica detentora dos dados recolhidos e a \u00fanica respons\u00e1vel pelo tratamento dos mesmos. Nessa qualidade, garante n\u00e3o vender, alugar ou partilhar os dados em causa de qualquer outra forma que n\u00e3o a descrita na presente declara\u00e7\u00e3o.<\/p>\n\n<p>A Escrita Digital adota ainda as necess\u00e1rias precau\u00e7\u00f5es para evitar a perda ou a altera\u00e7\u00e3o indevida de informa\u00e7\u00f5es que se encontrem sob sua responsabilidade, nomeadamente atrav\u00e9s da utiliza\u00e7\u00e3o de servidores seguros, de encripta\u00e7\u00e3o e de pol\u00edticas de seguran\u00e7a.<\/p>\n\n<h5>Partilha de informa\u00e7\u00e3o<\/h5>\n\n<p>A Escrita Digital n\u00e3o partilha com outras entidades informa\u00e7\u00e3o pessoal sobre os utilizadores sem a autoriza\u00e7\u00e3o expressa dos mesmos, exceto quando exigido por ordem de tribunal ou por outra entidade judicial. Qualquer altera\u00e7\u00e3o neste dom\u00ednio ser\u00e1 inclu\u00edda na presente declara\u00e7\u00e3o e os utilizadores ser\u00e3o notificados via correio eletr\u00f3nico.<\/p>\n\n<h5>Cookies<\/h5>\n\n<p>A Escrita Digital utiliza cookies no seu site para otimizar a experi\u00eancia de navega\u00e7\u00e3o e melhorar a qualidade do seu servi\u00e7o, n\u00e3o sendo recolhidos quaisquer dados pessoais sem autoriza\u00e7\u00e3o.<\/p>\n\n<p>A utiliza\u00e7\u00e3o de cookies elimina a necessidade de introduzir repetidamente as mesmas informa\u00e7\u00f5es e ajuda a determinar a utilidade, o interesse e o n\u00famero de utiliza\u00e7\u00f5es. Cada cookie&gt;\/i&gt; tem uma fun\u00e7\u00e3o e uma data de validade. A qualquer momento, o utilizador pode bloquear ou restringir o uso de cookies atrav\u00e9s das configura\u00e7\u00f5es dos browsers que utiliza.<\/p>\n\n<h5>Newsletter<\/h5>\n\n<p>Ao subscrever a nossa newsletter, a Escrita Digital enviar\u00e1, por correio eletr\u00f3nico, ao utilizador informa\u00e7\u00e3o sobre os seus produtos e o lan\u00e7amento de novas funcionalidades e vers\u00f5es das suas aplica\u00e7\u00f5es. A qualquer momento, o utilizador pode optar por solicitar a remo\u00e7\u00e3o do seu endere\u00e7o de correio eletr\u00f3nico das mailing lists da Escrita Digital atrav\u00e9s do link disponibilizado no rodap\u00e9 de todas as newsletters enviadas pela Escrita Digital.<\/p>\n\n<h5>Contactos<\/h5>\n\n<p>Para mais informa\u00e7\u00f5es sobre a pol\u00edtica de privacidade de dados da Escrita Digital, contacte-nos atrav\u00e9s do endere\u00e7o de correio eletr\u00f3nico <a href=\"mailto:marketing@escritadigital.pt\" target=\"_blank\" rel=\"noreferrer noopener\" aria-label=\"undefined (opens in a new tab)\">marketing@escritadigital.pt<\/a>.<\/p>\n<\/div>\n\t\t\t\t<\/div>\n\t\t\t\t<\/div>\n\t\t\t\t\t\t<\/div>\n\t\t\t\t\t<\/div>\n\t\t<\/div>\n\t\t\t\t\t\t\t\t<\/div>\n\t\t\t\t\t<\/div>\n\t\t<\/section>\n\t\t\t\t\t\t<\/div>\n\t\t\t\t\t\t<\/div>\n\t\t\t\t\t<\/div>\n\t\t","protected":false},"excerpt":{"rendered":"<p>Home A Escrita Digital reconhece a import\u00e2ncia de proteger os dados pessoais dos seus clientes. Como tal, adota todas as medidas, t\u00e9cnicas e organizacionais, para garantir a privacidade das informa\u00e7\u00f5es pessoais que lhe s\u00e3o confiadas em conformidade com a lei e os regulamentos em vigor, e as orienta\u00e7\u00f5es da Comiss\u00e3o Nacional de Prote\u00e7\u00e3o de Dados [&hellip;]<\/p>\n","protected":false},"author":1,"featured_media":0,"parent":0,"menu_order":20,"comment_status":"closed","ping_status":"closed","template":"elementor_header_footer","meta":[],"yoast_head":"<!-- This site is optimized with the Yoast SEO plugin v15.1.1 - https:\/\/yoast.com\/wordpress\/plugins\/seo\/ -->\n<title>Pol\u00edtica de privacidade | Escrita Digital<\/title>\n<meta name=\"robots\" content=\"index, follow, max-snippet:-1, max-image-preview:large, max-video-preview:-1\" \/>\n<link rel=\"canonical\" href=\"https:\/\/www.escritadigital.com\/site\/politica-de-privacidade\/\" \/>\n<meta property=\"og:locale\" content=\"pt_PT\" \/>\n<meta property=\"og:type\" content=\"article\" \/>\n<meta property=\"og:title\" content=\"Pol\u00edtica de privacidade | Escrita Digital\" \/>\n<meta property=\"og:description\" content=\"Home A Escrita Digital reconhece a import\u00e2ncia de proteger os dados pessoais dos seus clientes. Como tal, adota todas as medidas, t\u00e9cnicas e organizacionais, para garantir a privacidade das informa\u00e7\u00f5es pessoais que lhe s\u00e3o confiadas em conformidade com a lei e os regulamentos em vigor, e as orienta\u00e7\u00f5es da Comiss\u00e3o Nacional de Prote\u00e7\u00e3o de Dados [&hellip;]\" \/>\n<meta property=\"og:url\" content=\"https:\/\/www.escritadigital.com\/site\/politica-de-privacidade\/\" \/>\n<meta property=\"og:site_name\" content=\"Escrita Digital\" \/>\n<meta property=\"article:modified_time\" content=\"2024-01-23T11:57:23+00:00\" \/>\n<meta name=\"twitter:card\" content=\"summary_large_image\" \/>\n<script type=\"application\/ld+json\" class=\"yoast-schema-graph\">{\"@context\":\"https:\/\/schema.org\",\"@graph\":[{\"@type\":\"Organization\",\"@id\":\"https:\/\/www.escritadigital.com\/site\/#organization\",\"name\":\"Escrita Digital\",\"url\":\"https:\/\/www.escritadigital.com\/site\/\",\"sameAs\":[],\"logo\":{\"@type\":\"ImageObject\",\"@id\":\"https:\/\/www.escritadigital.com\/site\/#logo\",\"inLanguage\":\"pt-PT\",\"url\":\"https:\/\/www.escritadigital.com\/Escrita\/wp-content\/uploads\/2020\/01\/escrita_digital_logo.svg\",\"width\":200,\"height\":55,\"caption\":\"Escrita Digital\"},\"image\":{\"@id\":\"https:\/\/www.escritadigital.com\/site\/#logo\"}},{\"@type\":\"WebSite\",\"@id\":\"https:\/\/www.escritadigital.com\/site\/#website\",\"url\":\"https:\/\/www.escritadigital.com\/site\/\",\"name\":\"Escrita Digital\",\"description\":\"Aplica\\u00e7\\u00f5es de Gest\\u00e3o\",\"publisher\":{\"@id\":\"https:\/\/www.escritadigital.com\/site\/#organization\"},\"potentialAction\":[{\"@type\":\"SearchAction\",\"target\":\"https:\/\/www.escritadigital.com\/site\/?s={search_term_string}\",\"query-input\":\"required name=search_term_string\"}],\"inLanguage\":\"pt-PT\"},{\"@type\":\"WebPage\",\"@id\":\"https:\/\/www.escritadigital.com\/site\/politica-de-privacidade\/#webpage\",\"url\":\"https:\/\/www.escritadigital.com\/site\/politica-de-privacidade\/\",\"name\":\"Pol\\u00edtica de privacidade | Escrita Digital\",\"isPartOf\":{\"@id\":\"https:\/\/www.escritadigital.com\/site\/#website\"},\"datePublished\":\"2020-06-30T13:39:13+00:00\",\"dateModified\":\"2024-01-23T11:57:23+00:00\",\"breadcrumb\":{\"@id\":\"https:\/\/www.escritadigital.com\/site\/politica-de-privacidade\/#breadcrumb\"},\"inLanguage\":\"pt-PT\",\"potentialAction\":[{\"@type\":\"ReadAction\",\"target\":[\"https:\/\/www.escritadigital.com\/site\/politica-de-privacidade\/\"]}]},{\"@type\":\"BreadcrumbList\",\"@id\":\"https:\/\/www.escritadigital.com\/site\/politica-de-privacidade\/#breadcrumb\",\"itemListElement\":[{\"@type\":\"ListItem\",\"position\":1,\"item\":{\"@type\":\"WebPage\",\"@id\":\"https:\/\/www.escritadigital.com\/site\/\",\"url\":\"https:\/\/www.escritadigital.com\/site\/\",\"name\":\"In\\u00edcio\"}},{\"@type\":\"ListItem\",\"position\":2,\"item\":{\"@type\":\"WebPage\",\"@id\":\"https:\/\/www.escritadigital.com\/site\/politica-de-privacidade\/\",\"url\":\"https:\/\/www.escritadigital.com\/site\/politica-de-privacidade\/\",\"name\":\"Pol\\u00edtica de privacidade\"}}]}]}<\/script>\n<!-- \/ Yoast SEO plugin. -->","_links":{"self":[{"href":"https:\/\/www.escritadigital.com\/site\/wp-json\/wp\/v2\/pages\/2085"}],"collection":[{"href":"https:\/\/www.escritadigital.com\/site\/wp-json\/wp\/v2\/pages"}],"about":[{"href":"https:\/\/www.escritadigital.com\/site\/wp-json\/wp\/v2\/types\/page"}],"author":[{"embeddable":true,"href":"https:\/\/www.escritadigital.com\/site\/wp-json\/wp\/v2\/users\/1"}],"replies":[{"embeddable":true,"href":"https:\/\/www.escritadigital.com\/site\/wp-json\/wp\/v2\/comments?post=2085"}],"version-history":[{"count":1,"href":"https:\/\/www.escritadigital.com\/site\/wp-json\/wp\/v2\/pages\/2085\/revisions"}],"predecessor-version":[{"id":7556,"href":"https:\/\/www.escritadigital.com\/site\/wp-json\/wp\/v2\/pages\/2085\/revisions\/7556"}],"wp:attachment":[{"href":"https:\/\/www.escritadigital.com\/site\/wp-json\/wp\/v2\/media?parent=2085"}],"curies":[{"name":"wp","href":"https:\/\/api.w.org\/{rel}","templated":true}]}}